{"id":582,"date":"2016-12-13T09:43:13","date_gmt":"2016-12-13T09:43:13","guid":{"rendered":"http:\/\/ac-mastering.fr\/WordPress\/?page_id=582"},"modified":"2020-05-30T16:38:34","modified_gmt":"2020-05-30T16:38:34","slug":"realisez-votre-demande","status":"publish","type":"page","link":"https:\/\/www.ac-mastering.fr\/WordPress\/contact\/realisez-votre-demande\/","title":{"rendered":"Contact, votre demande&#8230;"},"content":{"rendered":"<h5 style=\"padding-left: 30px;\">Pour r\u00e9pondre au mieux \u00e0 votre demande, merci de remplir l&rsquo;int\u00e9gralit\u00e9 des champs \u00ab\u00a0obligatoires\u00a0\u00bb ci-dessous<\/h5>\n\n<div class=\"wpcf7 no-js\" id=\"wpcf7-f4097-o1\" lang=\"fr-FR\" dir=\"ltr\" data-wpcf7-id=\"4097\">\n<div class=\"screen-reader-response\"><p role=\"status\" aria-live=\"polite\" aria-atomic=\"true\"><\/p> <ul><\/ul><\/div>\n<form action=\"\/WordPress\/wp-json\/wp\/v2\/pages\/582#wpcf7-f4097-o1\" method=\"post\" class=\"wpcf7-form init\" aria-label=\"Formulaire de contact\" novalidate=\"novalidate\" data-status=\"init\">\n<fieldset class=\"hidden-fields-container\"><input type=\"hidden\" name=\"_wpcf7\" value=\"4097\" \/><input type=\"hidden\" name=\"_wpcf7_version\" value=\"6.1.5\" \/><input type=\"hidden\" name=\"_wpcf7_locale\" value=\"fr_FR\" \/><input type=\"hidden\" name=\"_wpcf7_unit_tag\" value=\"wpcf7-f4097-o1\" \/><input type=\"hidden\" name=\"_wpcf7_container_post\" value=\"0\" \/><input type=\"hidden\" name=\"_wpcf7_posted_data_hash\" value=\"\" \/><input type=\"hidden\" name=\"_wpcf7_recaptcha_response\" value=\"\" \/>\n<\/fieldset>\n<p><label><br \/>\n<\/label><label> S\u00e9lectionnez la cat\u00e9gorie correspondante \u00e0 votre projet :<br \/>\n(choix unique, si besoins multiples, indiquez les d\u00e9tails dans le champ [Votre message]<br \/>\n<span class=\"wpcf7-form-control-wrap\" data-name=\"Categoriesdeprojets\"><select class=\"wpcf7-form-control wpcf7-select wpcf7-validates-as-required\" aria-required=\"true\" aria-invalid=\"false\" multiple=\"multiple\" name=\"Categoriesdeprojets[]\"><option value=\"\">&#8212;Veuillez choisir une option&#8212;<\/option><option value=\"AUDIO - Projet single\">AUDIO - Projet single<\/option><option value=\"AUDIO - Projet album\">AUDIO - Projet album<\/option><option value=\"AUDIO - Projet livre audio\">AUDIO - Projet livre audio<\/option><option value=\"AUDIO - Composition &amp; arrangements\">AUDIO - Composition &amp; arrangements<\/option><option value=\"AUDIO - Enregistrement voix et\/ou instrument(s) au studio\">AUDIO - Enregistrement voix et\/ou instrument(s) au studio<\/option><option value=\"AUDIO - Captation audio sur le site de votre choix\">AUDIO - Captation audio sur le site de votre choix<\/option><option value=\"AUDIO - Enregistrement live (concert, festival, ...)\">AUDIO - Enregistrement live (concert, festival, ...)<\/option><option value=\"AUDIO - Bande son (spectacle, cin\u00e9sc\u00e9nie, ...)\">AUDIO - Bande son (spectacle, cin\u00e9sc\u00e9nie, ...)<\/option><option value=\"AUDIO - Mixage\">AUDIO - Mixage<\/option><option value=\"AUDIO - Mastering\">AUDIO - Mastering<\/option><option value=\"AUDIO - Distribution Digitale\">AUDIO - Distribution Digitale<\/option><option value=\"AUDIO - Num\u00e9risation &amp; restauration sonore\">AUDIO - Num\u00e9risation &amp; restauration sonore<\/option><option value=\"AUDIO - Projet P\u00e9dagogique en milieu scolaire\">AUDIO - Projet P\u00e9dagogique en milieu scolaire<\/option><option value=\"AUDIO - Autre...\">AUDIO - Autre...<\/option><option value=\"VIDEO - Doublage, Voix off\">VIDEO - Doublage, Voix off<\/option><option value=\"VIDEO - Montage audiovisuel\">VIDEO - Montage audiovisuel<\/option><option value=\"VIDEO - Authoring DVD\">VIDEO - Authoring DVD<\/option><option value=\"VIDEO - Authoring BD\">VIDEO - Authoring BD<\/option><option value=\"VIDEO - Distribution Digitale\">VIDEO - Distribution Digitale<\/option><option value=\"VIDEO - Annonces, CV Multim\u00e9dia, messages, publicit\u00e9s\">VIDEO - Annonces, CV Multim\u00e9dia, messages, publicit\u00e9s<\/option><option value=\"VIDEO - Num\u00e9risation &amp; restauration\">VIDEO - Num\u00e9risation &amp; restauration<\/option><option value=\"VIDEO - Autre...\">VIDEO - Autre...<\/option><option value=\"MULTIMEDIA - Master CD\/DVD ROM\">MULTIMEDIA - Master CD\/DVD ROM<\/option><option value=\"MULTIMEDIA - Master cl\u00e9 USB\">MULTIMEDIA - Master cl\u00e9 USB<\/option><option value=\"MULTIMEDIA - Autre...\">MULTIMEDIA - Autre...<\/option><option value=\"DUPLICATION &amp; PRODUCTION\">DUPLICATION &amp; PRODUCTION<\/option><option value=\"FORMATION\">FORMATION<\/option><option value=\"GRAPHISME &amp; PAO\">GRAPHISME &amp; PAO<\/option><option value=\"MAINTENANCE EQUIPEMENT\">MAINTENANCE EQUIPEMENT<\/option><option value=\"PROJET EVENEMENTIEL\">PROJET EVENEMENTIEL<\/option><option value=\"TRANSFERT - NUMERISATION\">TRANSFERT - NUMERISATION<\/option><option value=\"AUTRE...\">AUTRE...<\/option><option value=\"Notre site ac-mastering.fr - Vos remarques et\/ou observations\">Notre site ac-mastering.fr - Vos remarques et\/ou observations<\/option><\/select><\/span> <\/label>\n<\/p>\n<p><label> Pr\u00e9nom<br \/>\n<span class=\"wpcf7-form-control-wrap\" data-name=\"your-surname\"><input size=\"40\" maxlength=\"400\" class=\"wpcf7-form-control wpcf7-text wpcf7-validates-as-required\" aria-required=\"true\" aria-invalid=\"false\" value=\"\" type=\"text\" name=\"your-surname\" \/><\/span> <\/label><br \/>\n<label> Nom<br \/>\n<span class=\"wpcf7-form-control-wrap\" data-name=\"your-name\"><input size=\"40\" maxlength=\"400\" class=\"wpcf7-form-control wpcf7-text wpcf7-validates-as-required\" aria-required=\"true\" aria-invalid=\"false\" value=\"\" type=\"text\" name=\"your-name\" \/><\/span> <\/label><br \/>\n<label> Fonction<br \/>\n<span class=\"wpcf7-form-control-wrap\" data-name=\"Fonction\"><input size=\"40\" maxlength=\"400\" class=\"wpcf7-form-control wpcf7-text wpcf7-validates-as-required\" aria-required=\"true\" aria-invalid=\"false\" value=\"\" type=\"text\" name=\"Fonction\" \/><\/span> <\/label><br \/>\n<label> Soci\u00e9t\u00e9 ~ Etablissement ~ Organisme ~ Association ~ Collectivit\u00e9<br \/>\n<span class=\"wpcf7-form-control-wrap\" data-name=\"Societe\"><input size=\"40\" maxlength=\"400\" class=\"wpcf7-form-control wpcf7-text wpcf7-validates-as-required\" aria-required=\"true\" aria-invalid=\"false\" value=\"\" type=\"text\" name=\"Societe\" \/><\/span> <\/label><br \/>\n<label> Adresse<br \/>\n<span class=\"wpcf7-form-control-wrap\" data-name=\"Adresse_1\"><input size=\"40\" maxlength=\"400\" class=\"wpcf7-form-control wpcf7-text wpcf7-validates-as-required\" aria-required=\"true\" aria-invalid=\"false\" value=\"\" type=\"text\" name=\"Adresse_1\" \/><\/span> <\/label><br \/>\n<label> Code Postal<br \/>\n<span class=\"wpcf7-form-control-wrap\" data-name=\"CP\"><input size=\"40\" maxlength=\"400\" class=\"wpcf7-form-control wpcf7-text wpcf7-validates-as-required\" aria-required=\"true\" aria-invalid=\"false\" value=\"\" type=\"text\" name=\"CP\" \/><\/span><\/label><br \/>\n<label> Ville<br \/>\n<span class=\"wpcf7-form-control-wrap\" data-name=\"Ville\"><input size=\"40\" maxlength=\"400\" class=\"wpcf7-form-control wpcf7-text wpcf7-validates-as-required\" aria-required=\"true\" aria-invalid=\"false\" value=\"\" type=\"text\" name=\"Ville\" \/><\/span> <\/label><br \/>\n<label> e-mail<br \/>\n<span class=\"wpcf7-form-control-wrap\" data-name=\"e-mail_1\"><input size=\"40\" maxlength=\"400\" class=\"wpcf7-form-control wpcf7-email wpcf7-validates-as-required wpcf7-text wpcf7-validates-as-email\" aria-required=\"true\" aria-invalid=\"false\" value=\"\" type=\"email\" name=\"e-mail_1\" \/><\/span> <\/label><br \/>\n<label> T\u00e9l\u00e9phone<br \/>\n<span class=\"wpcf7-form-control-wrap\" data-name=\"tel_01\"><input size=\"40\" maxlength=\"400\" class=\"wpcf7-form-control wpcf7-tel wpcf7-validates-as-required wpcf7-text wpcf7-validates-as-tel\" aria-required=\"true\" aria-invalid=\"false\" value=\"\" type=\"tel\" name=\"tel_01\" \/><\/span> <\/label><br \/>\n<label> Date ou p\u00e9riode envisag\u00e9e pour ce projet :<br \/>\n<span class=\"wpcf7-form-control-wrap\" data-name=\"dateP\"><input size=\"40\" maxlength=\"400\" class=\"wpcf7-form-control wpcf7-text wpcf7-validates-as-required\" aria-required=\"true\" aria-invalid=\"false\" value=\"\" type=\"text\" name=\"dateP\" \/><\/span> <\/label><br \/>\n<label> Titre de votre projet :<br \/>\n<span class=\"wpcf7-form-control-wrap\" data-name=\"TitreP\"><input size=\"40\" maxlength=\"400\" class=\"wpcf7-form-control wpcf7-text wpcf7-validates-as-required\" aria-required=\"true\" aria-invalid=\"false\" value=\"\" type=\"text\" name=\"TitreP\" \/><\/span> <\/label><br \/>\n<label> R\u00e9f\u00e9rence de votre projet :<br \/>\n<span class=\"wpcf7-form-control-wrap\" data-name=\"ReferenceP\"><input size=\"40\" maxlength=\"400\" class=\"wpcf7-form-control wpcf7-text wpcf7-validates-as-required\" aria-required=\"true\" aria-invalid=\"false\" value=\"\" type=\"text\" name=\"ReferenceP\" \/><\/span> <\/label><br \/>\n<label> Votre message<br \/>\n<span class=\"wpcf7-form-control-wrap\" data-name=\"your-message\"><textarea cols=\"40\" rows=\"10\" maxlength=\"2000\" class=\"wpcf7-form-control wpcf7-textarea\" aria-invalid=\"false\" name=\"your-message\"><\/textarea><\/span> <\/label><br \/>\n<label><br \/>\n<input class=\"wpcf7-form-control wpcf7-submit has-spinner\" type=\"submit\" value=\"Envoyer\" \/><\/label>\n<\/p><div class=\"wpcf7-response-output\" aria-hidden=\"true\"><\/div>\n<\/form>\n<\/div>\n\n<p><img loading=\"lazy\" decoding=\"async\" class=\"size-full wp-image-2365 aligncenter\" src=\"http:\/\/ac-mastering.fr\/WordPress\/wp-content\/uploads\/2016\/08\/Sigle-Ensemble-valorisons-vos-cr\u00e9ations_2-e1487008131856.png\" alt=\"\" width=\"660\" height=\"154\" srcset=\"https:\/\/www.ac-mastering.fr\/WordPress\/wp-content\/uploads\/2016\/08\/Sigle-Ensemble-valorisons-vos-cr\u00e9ations_2-e1487008131856.png 660w, https:\/\/www.ac-mastering.fr\/WordPress\/wp-content\/uploads\/2016\/08\/Sigle-Ensemble-valorisons-vos-cr\u00e9ations_2-e1487008131856-300x70.png 300w\" sizes=\"auto, (max-width: 660px) 100vw, 660px\" \/><\/p>\n<p><span style=\"font-size: 8pt;\">Les informations port\u00e9es sur ce formulaire sont obligatoires. <\/span><br \/>\n<span style=\"font-size: 8pt;\"> Elles font l\u2019objet d\u2019un traitement informatis\u00e9 destin\u00e9 \u00e0 communiquer les informations commerciales et techniques li\u00e9es \u00e0 votre projet. Le studio ACM est l&rsquo;unique destinataire de vos donn\u00e9es et celles-ci ne seront en aucun cas communiqu\u00e9es ou mises \u00e0 disposition d&rsquo;une tierce organisation ou personne.<br \/>\nConform\u00e9ment \u00e0 la loi \u00ab\u00a0informatique et libert\u00e9s\u00a0\u00bb, vous b\u00e9n\u00e9ficiez d\u2019un droit d\u2019acc\u00e8s et de rectification aux informations qui vous concernent. <\/span><br \/>\n<span style=\"font-size: 8pt;\"> Vous pouvez ainsi \u00e0 tout moment vous opposer au traitement de vos donn\u00e9es informatiques et nous demander le retrait int\u00e9gral de celles-ci en nous adressant un e-mail via le lien suivant : <a href=\"mailto:contact@ac-mastering.fr?subject=Demande de retrait de nos donn\u00e9es informatiques\"><img loading=\"lazy\" decoding=\"async\" class=\"alignnone wp-image-1119\" src=\"https:\/\/www.ac-mastering.fr\/WordPress\/wp-content\/uploads\/2016\/12\/email-e1483513061915.png\" alt=\"\" width=\"35\" height=\"35\" \/><\/a><br \/>\n<\/span><\/p><\/p>\n","protected":false},"excerpt":{"rendered":"<p>Pour r\u00e9pondre au mieux \u00e0 votre demande, merci de remplir l&rsquo;int\u00e9gralit\u00e9 des champs \u00ab\u00a0obligatoires\u00a0\u00bb ci-dessous Les informations port\u00e9es sur ce formulaire sont obligatoires. Elles font l\u2019objet d\u2019un traitement informatis\u00e9 destin\u00e9 \u00e0 communiquer les informations commerciales et techniques li\u00e9es \u00e0 votre&hellip; <\/p>\n","protected":false},"author":1,"featured_media":0,"parent":97,"menu_order":1,"comment_status":"closed","ping_status":"closed","template":"","meta":{"footnotes":""},"class_list":["post-582","page","type-page","status-publish","hentry"],"_links":{"self":[{"href":"https:\/\/www.ac-mastering.fr\/WordPress\/wp-json\/wp\/v2\/pages\/582","targetHints":{"allow":["GET"]}}],"collection":[{"href":"https:\/\/www.ac-mastering.fr\/WordPress\/wp-json\/wp\/v2\/pages"}],"about":[{"href":"https:\/\/www.ac-mastering.fr\/WordPress\/wp-json\/wp\/v2\/types\/page"}],"author":[{"embeddable":true,"href":"https:\/\/www.ac-mastering.fr\/WordPress\/wp-json\/wp\/v2\/users\/1"}],"replies":[{"embeddable":true,"href":"https:\/\/www.ac-mastering.fr\/WordPress\/wp-json\/wp\/v2\/comments?post=582"}],"version-history":[{"count":28,"href":"https:\/\/www.ac-mastering.fr\/WordPress\/wp-json\/wp\/v2\/pages\/582\/revisions"}],"predecessor-version":[{"id":4557,"href":"https:\/\/www.ac-mastering.fr\/WordPress\/wp-json\/wp\/v2\/pages\/582\/revisions\/4557"}],"up":[{"embeddable":true,"href":"https:\/\/www.ac-mastering.fr\/WordPress\/wp-json\/wp\/v2\/pages\/97"}],"wp:attachment":[{"href":"https:\/\/www.ac-mastering.fr\/WordPress\/wp-json\/wp\/v2\/media?parent=582"}],"curies":[{"name":"wp","href":"https:\/\/api.w.org\/{rel}","templated":true}]}}