{"id":611,"date":"2016-12-15T11:52:40","date_gmt":"2016-12-15T11:52:40","guid":{"rendered":"http:\/\/ac-mastering.fr\/WordPress\/?page_id=611"},"modified":"2020-08-25T15:24:33","modified_gmt":"2020-08-25T15:24:33","slug":"cgv","status":"publish","type":"page","link":"https:\/\/www.ac-mastering.fr\/WordPress\/a-savoir\/cgv\/","title":{"rendered":"Nos CGV"},"content":{"rendered":"<h5 style=\"padding-left: 30px;\">Version applicable : r\u00e9f\u00e9rence <strong>v2017_01<\/strong>.<\/h5>\n<p style=\"padding-left: 30px;\">Pour proc\u00e9der au t\u00e9l\u00e9chargement, merci de cliquer sur le bouton ci-dessous.<\/p>\n<p><a href=\"https:\/\/ac-mastering.fr\/WordPress\/wp-content\/uploads\/2016\/12\/CGV-Studio-ACM-Jean-Michel-RABINEAU-v2017_01.pdf\"><img loading=\"lazy\" decoding=\"async\" class=\"aligncenter wp-image-743\" src=\"https:\/\/www.ac-mastering.fr\/WordPress\/wp-content\/uploads\/2016\/12\/Presse-papiers-1-e1486720380823.png\" alt=\"\" width=\"70\" height=\"70\" \/><\/a><\/p>\n","protected":false},"excerpt":{"rendered":"<p>Version applicable : r\u00e9f\u00e9rence v2017_01. Pour proc\u00e9der au t\u00e9l\u00e9chargement, merci de cliquer sur le bouton ci-dessous.<\/p>\n","protected":false},"author":1,"featured_media":0,"parent":95,"menu_order":1,"comment_status":"closed","ping_status":"closed","template":"","meta":{"footnotes":""},"class_list":["post-611","page","type-page","status-publish","hentry"],"_links":{"self":[{"href":"https:\/\/www.ac-mastering.fr\/WordPress\/wp-json\/wp\/v2\/pages\/611","targetHints":{"allow":["GET"]}}],"collection":[{"href":"https:\/\/www.ac-mastering.fr\/WordPress\/wp-json\/wp\/v2\/pages"}],"about":[{"href":"https:\/\/www.ac-mastering.fr\/WordPress\/wp-json\/wp\/v2\/types\/page"}],"author":[{"embeddable":true,"href":"https:\/\/www.ac-mastering.fr\/WordPress\/wp-json\/wp\/v2\/users\/1"}],"replies":[{"embeddable":true,"href":"https:\/\/www.ac-mastering.fr\/WordPress\/wp-json\/wp\/v2\/comments?post=611"}],"version-history":[{"count":24,"href":"https:\/\/www.ac-mastering.fr\/WordPress\/wp-json\/wp\/v2\/pages\/611\/revisions"}],"predecessor-version":[{"id":4605,"href":"https:\/\/www.ac-mastering.fr\/WordPress\/wp-json\/wp\/v2\/pages\/611\/revisions\/4605"}],"up":[{"embeddable":true,"href":"https:\/\/www.ac-mastering.fr\/WordPress\/wp-json\/wp\/v2\/pages\/95"}],"wp:attachment":[{"href":"https:\/\/www.ac-mastering.fr\/WordPress\/wp-json\/wp\/v2\/media?parent=611"}],"curies":[{"name":"wp","href":"https:\/\/api.w.org\/{rel}","templated":true}]}}