{"id":979,"date":"2016-12-24T11:49:01","date_gmt":"2016-12-24T11:49:01","guid":{"rendered":"http:\/\/ac-mastering.fr\/WordPress\/?page_id=979"},"modified":"2020-08-25T15:33:38","modified_gmt":"2020-08-25T15:33:38","slug":"disques-optiques-et-vinyles","status":"publish","type":"page","link":"https:\/\/www.ac-mastering.fr\/WordPress\/production-distribution\/disques-optiques-et-vinyles\/","title":{"rendered":"Disques Optiques &#038; Vinyles"},"content":{"rendered":"<p>Le studio ACM peut prendre en charge la production de vos disques, de la cr\u00e9ation de votre master en passant par la pr\u00e9paration de vos fichiers graphiques (PAO) en bien entendu la fabrication.<\/p>\n<h4><strong>\u00a0Disques Optiques :<\/strong><\/h4>\n<p>Le studio ACM peut r\u00e9aliser la production compl\u00e8te de votre produit CD, DVD &amp; Blu-ray.<\/p>\n<p><strong>DEUX SOLUTIONS :<\/strong><\/p>\n<hr \/>\n<p><strong>1 \u00e0 200 ex :<\/strong> duplication au studio <img loading=\"lazy\" decoding=\"async\" class=\"alignright wp-image-3378\" src=\"https:\/\/www.ac-mastering.fr\/WordPress\/wp-content\/uploads\/2016\/12\/PP100-01.png\" alt=\"\" width=\"300\" height=\"230\" data-id=\"3378\" srcset=\"https:\/\/www.ac-mastering.fr\/WordPress\/wp-content\/uploads\/2016\/12\/PP100-01.png 840w, https:\/\/www.ac-mastering.fr\/WordPress\/wp-content\/uploads\/2016\/12\/PP100-01-300x230.png 300w, https:\/\/www.ac-mastering.fr\/WordPress\/wp-content\/uploads\/2016\/12\/PP100-01-768x590.png 768w\" sizes=\"auto, (max-width: 300px) 100vw, 300px\" \/>avec gravure &amp; impression 600 dpi.<\/p>\n<p>Avec ce process, les solutions de conditionnement sont plus restreintes :<br \/>\n&#8211; pochette (papier ou transparente),<br \/>\n&#8211; boitier standard CD \/ DVD \/ Blu-ray avec jaquette et\/ou livret 4\/0,<br \/>\n&#8211; en spindle (sous cloche) permettant un conditionnement ult\u00e9rieur.<\/p>\n<p><img loading=\"lazy\" decoding=\"async\" class=\"wp-image-3380 size-full alignnone\" src=\"https:\/\/www.ac-mastering.fr\/WordPress\/wp-content\/uploads\/2016\/12\/Disque-couleur-01-e1492617700908.png\" alt=\"\" width=\"200\" height=\"200\" data-id=\"3380\" \/><img loading=\"lazy\" decoding=\"async\" class=\"alignleft wp-image-3381\" src=\"https:\/\/www.ac-mastering.fr\/WordPress\/wp-content\/uploads\/2016\/12\/Disque-couleur_2-e1492617753862.png\" alt=\"\" width=\"195\" height=\"188\" data-id=\"3381\" \/><\/p>\n<hr \/>\n<p><strong>Au del\u00e0 de 200 ex :<\/strong>\u00a0 pressage chez un partenaire ou tout autre presseur de votre choix.<\/p>\n<p>Pour des raisons de co\u00fbts, la fabrication de quantit\u00e9s sup\u00e9rieures \u00e0 200 exemplaires sont syst\u00e9matiquement propos\u00e9es en pressage avec des \u00e9tapes et outils de production plus avantageux.<br \/>\nSelon votre choix de packaging et imprim\u00e9s, de nombreuses solutions peuvent \u00eatre propos\u00e9es.<\/p>\n<p>N&rsquo;h\u00e9sitez pas \u00e0 nous contacter pour pr\u00e9senter vos id\u00e9es de packaging, nous pourront vous conseiller et proposer une solution adapt\u00e9e \u00e0 votre projet.<\/p>\n<p>Pour la r\u00e9alisation de l&rsquo;impression du disque, un fichier \u00ab\u00a0\u00e9tiquette\u00a0\u00bb devra \u00eatre remis avec les \u00e9l\u00e9ments de la commande.<br \/>\nNos sp\u00e9cifications &amp; gabarits sont disponibles <a href=\"https:\/\/ac-mastering.fr\/WordPress\/a-savoir\/specifications-acm\/gabarits-specifications-pao\/\" target=\"_blank\" rel=\"noopener noreferrer\">ici<\/a>.<\/p>\n<p>Pr\u00e9sentez-nous vos id\u00e9es, votre projet, nous pourrons vous conseiller et proposer des solutions adapt\u00e9es. Cliquez <a href=\"https:\/\/ac-mastering.fr\/WordPress\/contact\/\" target=\"_blank\" rel=\"noopener noreferrer\">ici<\/a><\/p>\n<h4><strong>\u00a0Disques Vinyles :<\/strong><\/h4>\n<p>Le studio ACM r\u00e9alise uniquement le master. La gravure et le pressage seront confi\u00e9s \u00e0 nos partenaires ou ceux de votre choix.<\/p>\n<p>Selon votre projet, de nombreuses solutions de formats &amp; packagings peuvent vous \u00eatre propos\u00e9es :<\/p>\n<p><img loading=\"lazy\" decoding=\"async\" class=\"alignright wp-image-3385\" src=\"https:\/\/www.ac-mastering.fr\/WordPress\/wp-content\/uploads\/2016\/12\/LP.jpg\" alt=\"\" width=\"220\" height=\"205\" data-id=\"3385\" \/><\/p>\n<p>\u00a0&#8211; formats 17 ou 30 cm<br \/>\n&#8211; grammages de 120 \u00e0 180 gr<br \/>\n&#8211; face avec gravure d&rsquo;un visuel en mode traits (conversion graphique r\u00e9alis\u00e9e par nos soins)<br \/>\n&#8211; couleurs \u00e0 partir d&rsquo;un panel de coloris<br \/>\n&#8211; transparents<br \/>\n&#8211; \u00e9clats<br \/>\n&#8211; visuel de votre choix sur la face du disque<br \/>\n&#8211; etc.<\/p>\n<p>Pr\u00e9sentez-nous vos id\u00e9es, votre projet, nous pourrons vous conseiller et proposer des solutions adapt\u00e9es. Cliquez <a href=\"https:\/\/ac-mastering.fr\/WordPress\/contact\/\" target=\"_blank\" rel=\"noopener noreferrer\">ici<\/a><\/p>\n","protected":false},"excerpt":{"rendered":"<p>Le studio ACM peut prendre en charge la production de vos disques, de la cr\u00e9ation de votre master en passant par la pr\u00e9paration de vos fichiers graphiques (PAO) en bien entendu la fabrication. \u00a0Disques Optiques : Le studio ACM peut&hellip; <\/p>\n","protected":false},"author":1,"featured_media":0,"parent":970,"menu_order":1,"comment_status":"closed","ping_status":"closed","template":"","meta":{"footnotes":""},"class_list":["post-979","page","type-page","status-publish","hentry"],"_links":{"self":[{"href":"https:\/\/www.ac-mastering.fr\/WordPress\/wp-json\/wp\/v2\/pages\/979","targetHints":{"allow":["GET"]}}],"collection":[{"href":"https:\/\/www.ac-mastering.fr\/WordPress\/wp-json\/wp\/v2\/pages"}],"about":[{"href":"https:\/\/www.ac-mastering.fr\/WordPress\/wp-json\/wp\/v2\/types\/page"}],"author":[{"embeddable":true,"href":"https:\/\/www.ac-mastering.fr\/WordPress\/wp-json\/wp\/v2\/users\/1"}],"replies":[{"embeddable":true,"href":"https:\/\/www.ac-mastering.fr\/WordPress\/wp-json\/wp\/v2\/comments?post=979"}],"version-history":[{"count":55,"href":"https:\/\/www.ac-mastering.fr\/WordPress\/wp-json\/wp\/v2\/pages\/979\/revisions"}],"predecessor-version":[{"id":4597,"href":"https:\/\/www.ac-mastering.fr\/WordPress\/wp-json\/wp\/v2\/pages\/979\/revisions\/4597"}],"up":[{"embeddable":true,"href":"https:\/\/www.ac-mastering.fr\/WordPress\/wp-json\/wp\/v2\/pages\/970"}],"wp:attachment":[{"href":"https:\/\/www.ac-mastering.fr\/WordPress\/wp-json\/wp\/v2\/media?parent=979"}],"curies":[{"name":"wp","href":"https:\/\/api.w.org\/{rel}","templated":true}]}}